{"id":2,"date":"2023-08-23T02:19:53","date_gmt":"2023-08-23T02:19:53","guid":{"rendered":"http:\/\/web.gliderit.com.ar\/frontend\/?page_id=2"},"modified":"2023-11-30T00:09:14","modified_gmt":"2023-11-30T00:09:14","slug":"sample-page","status":"publish","type":"page","link":"https:\/\/web.gliderit.com.ar\/frontend\/index.php\/sample-page\/","title":{"rendered":"FwCorP"},"content":{"rendered":"\n<blockquote class=\"wp-block-quote is-layout-flow wp-block-quote-is-layout-flow\">\n<p><mark style=\"background-color:#6d6d6d\" class=\"has-inline-color has-subtle-background-color\">Telegram: https:\/\/t.me\/fwcorp \/ administracion@gliderit.com.ar \/<br>WhatsApp: +54 2975256155<\/mark><\/p>\n<\/blockquote>\n\n\n\n<p>FWCORP: La Evoluci\u00f3n de un Sue\u00f1o, M\u00e1s All\u00e1 de los N\u00fameros<\/p>\n\n\n\n<p>Desde los d\u00edas iniciales de GliderIT, fundada en la juventud de mis 25 a\u00f1os, hasta el florecimiento de FWCORP, nuestra historia es un tapiz tejido con sue\u00f1os, desaf\u00edos y una constante b\u00fasqueda de mejora. Esta traves\u00eda, que comenz\u00f3 hace quince a\u00f1os, ha sido un camino de evoluci\u00f3n continua, no solo en nuestra estructura y nombre, sino en nuestra esencia y en c\u00f3mo concebimos el trabajo.<\/p>\n\n\n\n<p>Creemos firmemente en trabajar por objetivos, no por horas. En FWCORP, nuestra flexibilidad es fundamental: respondemos con dedicaci\u00f3n cuando el trabajo lo requiere y, una vez cumplida la tarea, cada uno es libre de dedicarse a sus pasiones. Esta filosof\u00eda no surge de un capricho, sino de una profunda convicci\u00f3n: las personas realizadas y felices son el verdadero motor de una empresa vibrante y exitosa.<\/p>\n\n\n\n<p>Esta convicci\u00f3n desaf\u00eda el modelo capitalista predominante y pone en primer plano valores humanos sobre las ganancias netas. S\u00ed, nuestra estrategia podr\u00eda significar menores ganancias inmediatas para la corporaci\u00f3n, pero eso es un sacrificio que estamos dispuestos a asumir. En FWCORP, vemos al dinero no solo como un fin, sino como un medio para reinvertir, crecer y fomentar un desarrollo sostenible y humano.<\/p>\n\n\n\n<p>Y los resultados hablan por s\u00ed mismos. En poco m\u00e1s de un a\u00f1o, hemos visto a FWCORP crecer exponencialmente, incrementando su valor neto de manera asombrosa. Este crecimiento es la prueba viviente de que nuestro enfoque es viable y efectivo, demostrando que es posible generar crecimiento respetando y valorando a las personas.<\/p>\n\n\n\n<p>En FWCORP, estamos construyendo m\u00e1s que una empresa: estamos forjando un legado que demuestra el poder de un modelo laboral centrado en la humanidad. Nos esforzamos cada d\u00eda por demostrar que se puede triunfar en los negocios manteniendo nuestros valores y nuestra integridad. Aspiramos a dejar una huella en el mundo, mostrando que el trabajo y la realizaci\u00f3n personal pueden coexistir y potenciarse mutuamente, para crear una sociedad m\u00e1s justa, m\u00e1s feliz y m\u00e1s pr\u00f3spera.<\/p>\n\n\n\n<p class=\"has-text-align-left\">El crecimiento que hemos experimentado, de una modesta empresa unipersonal a una corporaci\u00f3n con seis empleados y un valor neto que se dispar\u00f3 en un asombroso 4400%, no es solo un logro financiero. Es un testimonio del poder de un modelo empresarial que pone a las personas primero, que valora sus sue\u00f1os tanto como sus habilidades profesionales.<\/p>\n\n\n\n<p>En este viaje, hemos enfrentado advertencias y escepticismos. Nos dijeron que nuestra forma de operar, m\u00e1s centrada en el ser humano que en las ganancias m\u00e1ximas, era una quimera. Pero FWCORP ha demostrado lo contrario. Hemos crecido en un contexto econ\u00f3mico desafiante, manteniendo un equilibrio donde un 30% de nuestras ganancias se convierte en beneficio neto, reinvirtiendo en nuestro desarrollo y en el de nuestra gente.<\/p>\n\n\n\n<p>Reflexionando sobre estos a\u00f1os, desde la fundaci\u00f3n de GliderIT hasta el amanecer de FWCORP, veo un camino marcado por la paciencia, la resiliencia y la audacia. Hemos construido algo m\u00e1s que una corporaci\u00f3n; hemos creado un espacio donde el trabajo es una parte integral, pero no abrumadora, de nuestras vidas. Donde cada desaf\u00edo es una oportunidad para crecer, para aprender, para acercarnos m\u00e1s a lo que cada uno de nosotros aspira ser.<\/p>\n\n\n\n<blockquote class=\"wp-block-quote is-layout-flow wp-block-quote-is-layout-flow\">\n<p>FWCORP es m\u00e1s que la suma de sus partes. Es una idea, una creencia en un mundo donde el trabajo y la realizaci\u00f3n personal coexisten en armon\u00eda. En cada proyecto, en cada servicio que ofrecemos, estamos escribiendo un nuevo cap\u00edtulo de esta historia. Una historia que comenz\u00f3 con un joven de 25 a\u00f1os y su pasi\u00f3n por la tecnolog\u00eda, y que sigue evolucionando, trascendiendo los l\u00edmites de lo que una corporaci\u00f3n puede ser.<\/p>\n<\/blockquote>\n\n\n\n<div class=\"wp-block-group\"><div class=\"wp-block-group__inner-container is-layout-constrained wp-block-group-is-layout-constrained\"><\/div><\/div>\n","protected":false},"excerpt":{"rendered":"<p>Telegram: https:\/\/t.me\/fwcorp \/ administracion@gliderit.com.ar \/WhatsApp: +54 2975256155 FWCORP: La Evoluci\u00f3n de un Sue\u00f1o, M\u00e1s All\u00e1 de los N\u00fameros Desde los d\u00edas iniciales de GliderIT, fundada en la juventud de mis 25 a\u00f1os, hasta el florecimiento de FWCORP, nuestra historia es un tapiz tejido con sue\u00f1os, desaf\u00edos y una constante b\u00fasqueda de mejora. Esta traves\u00eda, que [&hellip;]<\/p>\n","protected":false},"author":1,"featured_media":0,"parent":0,"menu_order":0,"comment_status":"closed","ping_status":"open","template":"","meta":{"footnotes":""},"class_list":["post-2","page","type-page","status-publish","hentry"],"_links":{"self":[{"href":"https:\/\/web.gliderit.com.ar\/frontend\/index.php\/wp-json\/wp\/v2\/pages\/2","targetHints":{"allow":["GET"]}}],"collection":[{"href":"https:\/\/web.gliderit.com.ar\/frontend\/index.php\/wp-json\/wp\/v2\/pages"}],"about":[{"href":"https:\/\/web.gliderit.com.ar\/frontend\/index.php\/wp-json\/wp\/v2\/types\/page"}],"author":[{"embeddable":true,"href":"https:\/\/web.gliderit.com.ar\/frontend\/index.php\/wp-json\/wp\/v2\/users\/1"}],"replies":[{"embeddable":true,"href":"https:\/\/web.gliderit.com.ar\/frontend\/index.php\/wp-json\/wp\/v2\/comments?post=2"}],"version-history":[{"count":3,"href":"https:\/\/web.gliderit.com.ar\/frontend\/index.php\/wp-json\/wp\/v2\/pages\/2\/revisions"}],"predecessor-version":[{"id":20,"href":"https:\/\/web.gliderit.com.ar\/frontend\/index.php\/wp-json\/wp\/v2\/pages\/2\/revisions\/20"}],"wp:attachment":[{"href":"https:\/\/web.gliderit.com.ar\/frontend\/index.php\/wp-json\/wp\/v2\/media?parent=2"}],"curies":[{"name":"wp","href":"https:\/\/api.w.org\/{rel}","templated":true}]}}